 = 0. What is the greatest common factor of y and w?
11
Let q(w) = -24*w + 7*w**2 - 1 - w**2 + 23*w. Let n = -4 + 3. Let s be q(n). Calculate the greatest common factor of 6 and s.
6
Let z = -91 + 55. Let r = -26 - z. Let g(c) = 6*c - 5. Let u be g(5). Calculate the highest common factor of r and u.
5
Let y(u) = -13*u + 16. Let h(n) = 25*n - 33. Let k(c) = 4*h(c) + 9*y(c). Let w be k(-9). Calculate the greatest common divisor of 15 and w.
15
Let o = 130 + -88. What is the greatest common factor of o and 21?
21
Let x(k) = k - 7. Let h be x(8). Let s be (-1)/(((-2)/66)/h). Calculate the highest common factor of s and 3.
3
Let h = 0 + 13. Suppose l + 14*l = 2145. Calculate the highest common factor of h and l.
13
Suppose -5*h = -6*k + 3*k + 250, 5*k + 4*h - 355 = 0. What is the greatest common divisor of k and 60?
15
Let x = 20 + -8. Calculate the greatest common divisor of x and 60.
12
Let a(n) = n**2 + 5. Let r be a(-4). Calculate the greatest common divisor of 63 and r.
21
Suppose -4*t + 4*d = -7*t + 35, -4*d = -4*t + 56. Calculate the highest common divisor of t and 91.
13
Let f(x) = -3*x - 17. Let q be f(-13). What is the highest common factor of q and 198?
22
Suppose 28 + 6 = 2*a - 2*y, -2*a + y = -37. What is the highest common divisor of a and 20?
20
Suppose 0*z - 2*z = 0. Suppose 2*a = -z*a + 224. What is the greatest common factor of a and 16?
16
Suppose 4*y + b - 9 = 0, -4 = -3*y + 4*b - 2. What is the highest common factor of y and 22?
2
Let s = 14 - 1. Calculate the greatest common factor of s and 130.
13
Let y(d) = d + 4. Let n be y(0). Suppose z - 55 = -4*u, n*u + 2*z + 0*z - 58 = 0. Calculate the greatest common factor of 13 and u.
13
Let q = -48 - -112. What is the highest common factor of 16 and q?
16
Let o = 64 + -55. What is the highest common divisor of o and 117?
9
Let i(q) = 5*q**2 - 6*q - 5. Suppose h - 66 = -h. Suppose -4*v - v + m + 37 = 0, h = 5*v + m. Let u be i(v). What is the greatest common divisor of 18 and u?
18
Suppose 6 = 4*w - 2*w. Suppose 0*d + 2*d + 44 = 3*c, -w*c - 5*d = -37. Calculate the highest common divisor of 21 and c.
7
Let z(s) = -s**3 - 11*s**2 - 12*s - 19. Let f be z(-10). Calculate the greatest common factor of 23 and f.
1
Let q = 4 + -8. Let x = q - -4. Let i be 0 + (x - 1*-7). What is the greatest common divisor of i and 14?
7
Let p(i) = -2*i - 11. Let r be p(-7). Calculate the greatest common divisor of 15 and r.
3
Let g = -60 - -172. Calculate the highest common divisor of g and 84.
28
Suppose -5*u + 30 = -20. Calculate the greatest common factor of u and 90.
10
Let m = -9 + 19. Suppose -3*k - 3*z + 27 = -2*z, 5*k - 3*z = 31. Let s = 2 + k. What is the greatest common divisor of s and m?
10
Suppose -p - 5*o + 4 + 33 = 0, -17 = -p + 5*o. Suppose 4*s - 84 = 3*u, u - 2*u = 5*s - 86. What is the highest common divisor of p and s?
9
Let y be (-7 - -3)/((-2)/3). Let d be ((-24)/9)/((-1)/y). Calculate the greatest common divisor of d and 8.
8
Suppose g - 55 = -j, 4*g - j - 220 = 3*j. Let a be 206*(14/(-4))/(-7). Suppose -5*r + a = -7. Calculate the highest common divisor of r and g.
11
Let m = 76 + 428. Calculate the greatest common factor of m and 72.
72
Let p = 36 + -31. What is the greatest common divisor of p and 5?
5
Suppose 2 = 2*r + s, -5 = -5*r - 0*r + 4*s. Let b(d) = 5*d**2 - d + 1. Let n be b(r). Let j = -399 + 404. What is the highest common factor of n and j?
5
Suppose 0 = 4*x + 5*a - 107 - 228, 4*a + 388 = 5*x. Suppose -3*h + 5*h = x. Calculate the highest common divisor of 5 and h.
5
Suppose -2*f = w - 7 - 1, -f = -5*w + 7. Suppose 2*s - g = 333, -s + 3*g + 495 = w*s. What is the highest common factor of s and 24?
24
Let t(r) = -r - 4. Let p be t(9). Let x be 38/(-3)*(p + 1). Suppose -3*j - 4 = 3*w - 64, -2*j = 4*w - 42. What is the highest common factor of j and x?
19
Suppose -2*v + 12 = -2*y, -2*v - 4*y = -3*y + 3. Let d = 9 - 5. Suppose -m + 6 = 2*t - 6, -2*m + d*t = 16. Calculate the highest common divisor of v and m.
1
Suppose 2*q - 140 + 50 = 0. What is the greatest common factor of q and 5?
5
Let d(o) = -2*o + 13. Let b be d(7). Let y be (-40)/(-10)*(b - -45). What is the highest common factor of y and 16?
16
Let l(w) = -w**2 - 2*w + 3. Let n be l(-3). Suppose -34 = -n*f - f - 5*j, -5*f - 4*j = -86. What is the greatest common divisor of 70 and f?
14
Let v be ((-65)/2)/(5/(-20)). Let i = -64 + v. Suppose 4*b + 2*u - i = 0, -b + u - 16 = -2*b. What is the highest common divisor of 17 and b?
17
Suppose 24 + 12 = 3*v. Calculate the highest common divisor of 54 and v.
6
Let c(j) = 8*j**2 + 6*j - 14. Let h be c(2). Calculate the highest common factor of 120 and h.
30
Let x = 1 - -3. Suppose 0 = w, h + w + x + 4 = 0. Let u be (-60)/h - (-1)/2. What is the highest common factor of u and 72?
8
Suppose 0 = -3*s - 5*v + 34, -v + 4*v - 15 = 0. Calculate the greatest common factor of s and 33.
3
Let j(x) = 2*x**2 - 6*x - 23. Let y be j(10). What is the greatest common factor of 13 and y?
13
Suppose 0 = -2*c + 5*c - 27. Suppose -2*q + 3*q = -3, 3*q = -x - 9. Suppose x*v = -5*v + 450. Calculate the greatest common divisor of c and v.
9
Suppose j - 2*g + 6 = 3*j, 0 = -3*g. What is the greatest common factor of 2 and j?
1
Suppose 4*v - 11 = 3*v. Let j be (-18*6)/(-3) - (-21)/(-7). Calculate the highest common divisor of v and j.
11
Let n = 11 - 6. Let l = 3 - n. Let p = 4 + l. Calculate the highest common divisor of p and 10.
2
Let g be ((-1)/(-1) - 2) + 73. Let s = 122 - g. What is the highest common divisor of 75 and s?
25
Suppose -4 = 7*g - 5*g. Let i(d) = d**3 - 7*d**2 + 8*d + 3. Let s be i(6). Let m = s - g. Calculate the highest common divisor of m and 136.
17
Suppose 3*s - 4*m + 1 - 2 = 0, 4*s = -m + 14. Suppose 4*d + s*y = 79, y + 59 = 3*d + d. What is the highest common factor of d and 48?
16
Let g be (48/40)/(4/10). Suppose 0 = 2*y - g - 45. What is the highest common divisor of y and 24?
24
Let z = 7 - 0. Let n be -3 + -638 + -3 + 4. Let u be n/(-30) - 2/6. What is the highest common divisor of z and u?
7
Suppose 0 = x - 3*f - 17 - 9, 5*x + 5*f = 90. Calculate the greatest common factor of 80 and x.
20
Let l(y) = -y**3 - 2*y**2 - 2*y - 1. Let m be l(-1). Suppose -3*t + 2*g - 4*g = -60, -2*t - 3*g + 45 = m. What is the highest common factor of 18 and t?
18
Let y(k) = -2*k. Let z be y(-1). Suppose 0 = -v - z*r + 3, 5*v + 0*r - 24 = -r. Calculate the greatest common divisor of 25 and v.
5
Suppose -3*n + 4*y = -0*y - 195, -291 = -4*n - 5*y. Let h = n + -12. Calculate the highest common factor of 19 and h.
19
Let d = -46 - -49. Calculate the highest common divisor of 18 and d.
3
Suppose 22 + 16 = i - j, -114 = -3*i - 2*j. Calculate the greatest common factor of 95 and i.
19
Let z(r) = r + 5. Let h = 17 + -12. Let y be z(h). What is the greatest common factor of y and 10?
10
Let w = 12 + 28. What is the highest common factor of w and 200?
40
Suppose -5*z = 4*d - 7*z - 14, 0 = z + 5. Calculate the highest common factor of 9 and d.
1
Let j = -42 + 56. Suppose 15 = -5*v - 0. Let d be v/(6/7)*-12. Calculate the greatest common factor of d and j.
14
Let z be (4/(-8))/((-1)/4). Let d be (-4)/6 + z/3. Let k be (-1 - d)*-21 + 1. Calculate the highest common factor of 11 and k.
11
Let z be (-33)/(-1) + (-108)/(-27). Calculate the greatest common factor of z and 259.
37
Let l(p) = -p - 9. Let m be l(-17). Let k = 195 - 131. Calculate the highest common divisor of m and k.
8
Let b = 34 - 23. Let k(i) = i**2 - 5*i + 3. Let h be k(5). Suppose -3*d + 70 = -0*q + 5*q, d - 38 = -h*q. What is the greatest common divisor of b and q?
11
Suppose 19 = 4*q - 13. Calculate the highest common factor of q and 40.
8
Suppose -12 - 24 = -3*b. Let n be (24/28)/((-2)/(-70)). Calculate the highest common divisor of n and b.
6
Let v(x) = x**3 + 6*x**2 + 5*x + 1. Let n be v(-5). Calculate the highest common divisor of 11 and n.
1
Let k(n) = 2*n + n + 4 - 5*n. Let d be k(-3). Suppose 0 = -4*l - 44 + 164. Calculate the greatest common divisor of d and l.
10
Suppose 260 = -7*g + 302. Suppose 0*v - 54 = -v. Calculate the highest common divisor of v and g.
6
Let s = 15 + -6. Calculate the highest common divisor of s and 36.
9
Let q = -383 - -642. Calculate the greatest common factor of 37 and q.
37
Let t be ((-112)/(-10))/